{"id":9988,"date":"2026-03-06T16:05:20","date_gmt":"2026-03-06T15:05:20","guid":{"rendered":"https:\/\/interreligieux.ch\/wp\/?post_type=event_listing&#038;p=9988"},"modified":"2026-03-30T00:29:04","modified_gmt":"2026-03-29T22:29:04","slug":"le-racisme-et-mes-enfants","status":"expired","type":"event_listing","link":"https:\/\/interreligieux.ch\/wp\/evenement\/le-racisme-et-mes-enfants\/","title":{"rendered":"Le racisme et\u2026 mes enfants"},"content":{"rendered":"<p data-start=\"150\" data-end=\"473\">La <strong data-start=\"153\" data-end=\"200\">Plateforme interreligieuse de Gen\u00e8ve<\/strong>\u00a0s\u2019associe \u00e0 l\u2019initiative de l\u2019<strong data-start=\"231\" data-end=\"274\">Universit\u00e9 des Cultures de Gen\u00e8ve (UPA)<\/strong> qui propose, du <a href=\"https:\/\/interreligieux.ch\/wp-content\/uploads\/2026\/03\/Le_racisme_et._mes_enfants_SACR2026.pdf\" target=\"_blank\"><strong data-start=\"291\" data-end=\"308\">25 au 29 mars<\/strong><\/a>, une semaine de rencontres et d\u2019activit\u00e9s dans le cadre de la <strong data-start=\"371\" data-end=\"410\">Semaine d\u2019actions contre le racisme<\/strong>, organis\u00e9e au <strong data-start=\"425\" data-end=\"472\"><span class=\"hover:entity-accent entity-underline inline cursor-pointer align-baseline\"><span class=\"whitespace-normal\">Mus\u00e9e d\u2019ethnographie de Gen\u00e8ve<\/span><\/span> (MEG)<\/strong>.<\/p>\n<p data-start=\"475\" data-end=\"684\">Au programme : projections, t\u00e9moignages, tables rondes et spectacles pour aborder diff\u00e9rentes r\u00e9alit\u00e9s du racisme et encourager le dialogue autour des questions d\u2019identit\u00e9, d\u2019exil, de m\u00e9moire et de r\u00e9silience.<\/p>\n<p>Dans ce cadre, la PFIR est partenaire de la table ronde intitul\u00e9e\u00a0:<\/p>\n<p><strong>RACISME ET APPARTENANCE RELIGIEUSE,<\/strong> le <strong>samedi 28 mars \u00e0 18h30<\/strong>.<\/p>\n<p>Pays d\u2019origine et pays d\u2019accueil, comment se situer et s\u2019orienter au sein des familles et de la soci\u00e9t\u00e9 en tenant compte d\u2019un environnement tr\u00e8s s\u00e9cularis\u00e9 et d\u2019un \u00e9tat la\u00efc? Lorsque sa culture est marqu\u00e9e par l\u2019importance d\u2019appartenances communautaires o\u00f9 les valeurs et les pratiques ou traditions religieuses sont bien pr\u00e9sentes, comment se vivent les diff\u00e9rences, comment se construisent les liens, comment faire face aux tensions et aux discriminations et comment \u00e9viter replis et communautarismes? Comment les enfants sont-ils confront\u00e9s \u00e0 ces questions et comment les accompagner?<\/p>\n<p>&nbsp;<\/p>\n<p>Cette table ronde sera introduite par un \u00e9change avec<\/p>\n<ul>\n<li>Camille Gonzales, historienne des religions, directrice de P\u00f4le-Rhizome<\/li>\n<li>Josu\u00e9 Ferreira, rabbin \u00e0 la communaut\u00e9 isra\u00e9lite lib\u00e9rale (GIL)<\/li>\n<li>Liridon Abazi, travailleur social, membre de la communaut\u00e9 musulmane albanophone<\/li>\n<li>Cristina Rendon, formatrice d\u2019adultes, membre de l\u2019Eglise luth\u00e9rienne<\/li>\n<\/ul>\n<p>Le dialogue, anim\u00e9 par Maurice Gardiol, se poursuivra avec la participation du public pr\u00e9sent.<\/p>\n<p data-start=\"686\" data-end=\"1153\">Le d\u00e9bat sera <strong data-start=\"1089\" data-end=\"1167\">suivi \u00e0 20h00 de la repr\u00e9sentation de la pi\u00e8ce de th\u00e9\u00e2tre <em data-start=\"1149\" data-end=\"1165\">La Part de Feu<\/em><\/strong>, pr\u00e9sent\u00e9e par la <strong data-start=\"1186\" data-end=\"1227\"><span class=\"hover:entity-accent entity-underline inline cursor-pointer align-baseline\"><span class=\"whitespace-normal\">Compagnie D\u00e9senchant\u00e9\u00b7e\u00b7s<\/span><\/span><\/strong>, qui aborde \u00e0 travers la sc\u00e8ne les questions d\u2019identit\u00e9, de m\u00e9moire et de parcours de vie.<\/p>\n<p data-start=\"686\" data-end=\"1153\"><a href=\"https:\/\/interreligieux.ch\/wp-content\/uploads\/2026\/03\/Le_racisme_et._mes_enfants_SACR2026.pdf\" target=\"_blank\"><strong>&gt; Programme complet de la semaine contre le racisme propos\u00e9e par l&rsquo;UPA &lt;\u00a0<\/strong><\/a><\/p>\n","protected":false},"featured_media":9989,"template":"elementor_canvas","meta":[],"event_listing_type":[207],"class_list":["post-9988","event_listing","type-event_listing","status-expired","has-post-thumbnail","hentry","event_listing_type-conferences"],"_links":{"self":[{"href":"https:\/\/interreligieux.ch\/wp\/wp-json\/wp\/v2\/event_listing\/9988","targetHints":{"allow":["GET"]}}],"collection":[{"href":"https:\/\/interreligieux.ch\/wp\/wp-json\/wp\/v2\/event_listing"}],"about":[{"href":"https:\/\/interreligieux.ch\/wp\/wp-json\/wp\/v2\/types\/event_listing"}],"version-history":[{"count":8,"href":"https:\/\/interreligieux.ch\/wp\/wp-json\/wp\/v2\/event_listing\/9988\/revisions"}],"predecessor-version":[{"id":10001,"href":"https:\/\/interreligieux.ch\/wp\/wp-json\/wp\/v2\/event_listing\/9988\/revisions\/10001"}],"wp:featuredmedia":[{"embeddable":true,"href":"https:\/\/interreligieux.ch\/wp\/wp-json\/wp\/v2\/media\/9989"}],"wp:attachment":[{"href":"https:\/\/interreligieux.ch\/wp\/wp-json\/wp\/v2\/media?parent=9988"}],"wp:term":[{"taxonomy":"event_listing_type","embeddable":true,"href":"https:\/\/interreligieux.ch\/wp\/wp-json\/wp\/v2\/event_listing_type?post=9988"}],"curies":[{"name":"wp","href":"https:\/\/api.w.org\/{rel}","templated":true}]}}

<p data-start="150" data-end="473">La <strong data-start="153" data-end="200">Plateforme interreligieuse de Genève</strong> s’associe à l’initiative de l’<strong data-start="231" data-end="274">Université des Cultures de Genève (UPA)</strong> qui propose, du <a href="https://interreligieux.ch/wp-content/uploads/2026/03/Le_racisme_et._mes_enfants_SACR2026.pdf" target="_blank"><strong data-start="291" data-end="308">25 au 29 mars</strong></a>, une semaine de rencontres et d’activités dans le cadre de la <strong data-start="371" data-end="410">Semaine d’actions contre le racisme</strong>, organisée au <strong data-start="425" data-end="472"><span class="hover:entity-accent entity-underline inline cursor-pointer align-baseline"><span class="whitespace-normal">Musée d’ethnographie de Genève</span></span> (MEG)</strong>.</p>
<p data-start="475" data-end="684">Au programme : projections, témoignages, tables rondes et spectacles pour aborder différentes réalités du racisme et encourager le dialogue autour des questions d’identité, d’exil, de mémoire et de résilience.</p>
<p>Dans ce cadre, la PFIR est partenaire de la table ronde intitulée :</p>
<p><strong>RACISME ET APPARTENANCE RELIGIEUSE,</strong> le <strong>samedi 28 mars à 18h30</strong>.</p>
<p>Pays d’origine et pays d’accueil, comment se situer et s’orienter au sein des familles et de la société en tenant compte d’un environnement très sécularisé et d’un état laïc? Lorsque sa culture est marquée par l’importance d’appartenances communautaires où les valeurs et les pratiques ou traditions religieuses sont bien présentes, comment se vivent les différences, comment se construisent les liens, comment faire face aux tensions et aux discriminations et comment éviter replis et communautarismes? Comment les enfants sont-ils confrontés à ces questions et comment les accompagner?</p>
<p>&nbsp;</p>
<p>Cette table ronde sera introduite par un échange avec</p>
<ul>
<li>Camille Gonzales, historienne des religions, directrice de Pôle-Rhizome</li>
<li>Josué Ferreira, rabbin à la communauté israélite libérale (GIL)</li>
<li>Liridon Abazi, travailleur social, membre de la communauté musulmane albanophone</li>
<li>Cristina Rendon, formatrice d’adultes, membre de l’Eglise luthérienne</li>
</ul>
<p>Le dialogue, animé par Maurice Gardiol, se poursuivra avec la participation du public présent.</p>
<p data-start="686" data-end="1153">Le débat sera <strong data-start="1089" data-end="1167">suivi à 20h00 de la représentation de la pièce de théâtre <em data-start="1149" data-end="1165">La Part de Feu</em></strong>, présentée par la <strong data-start="1186" data-end="1227"><span class="hover:entity-accent entity-underline inline cursor-pointer align-baseline"><span class="whitespace-normal">Compagnie Désenchanté·e·s</span></span></strong>, qui aborde à travers la scène les questions d’identité, de mémoire et de parcours de vie.</p>
<p data-start="686" data-end="1153"><a href="https://interreligieux.ch/wp-content/uploads/2026/03/Le_racisme_et._mes_enfants_SACR2026.pdf" target="_blank"><strong>&gt; Programme complet de la semaine contre le racisme proposée par l&rsquo;UPA &lt; </strong></a></p>
